uppose -2*k = -2*d + 3*d - 17, k - 4 = 0. Let c(r) = d + 2*r - 7 - r**3 - r. Suppose -2*u - 3*u + 10 = 0. Give c(u).
-4
Let i(o) = o**2 + 7*o + 6. Suppose -23 = -5*m + 2*w, -3*m = -2*m + 5*w + 17. Suppose 7 = -f + m. What is i(f)?
-6
Suppose 4*y + 3 = 11. Let n(q) be the second derivative of -5/6*q**3 + 0 + 3/2*q**2 + 5*q. Calculate n(y).
-7
Let i(v) = -2*v - 2. Let r(o) = 1 + 7 - 3*o + 2*o. Let t(m) = -2*m + 15. Let k(b) = -5*r(b) + 3*t(b). Let y be k(3). Calculate i(y).
-6
Let v(b) be the second derivative of b**4/12 + b**3 + 3*b**2 - 14*b. Suppose 5*u - w - 2*w = -32, 5*u - 2*w = -28. Give v(u).
-2
Let b(a) = -52*a**2 - a + 106*a**2 - 55*a**2 - 2 - 8*a. Give b(-8).
6
Let v be 25/5*(0 - 1). Let h(m) = m**2 + 6*m + 2. Calculate h(v).
-3
Let p(o) = -o**3 + o - 1. Let d(u) = -u**2 - 1 - 4*u - 1 + 4. Let j be d(-4). What is p(j)?
-7
Let k(j) = 5*j**3 - 9*j**2 + 8*j - 1. Let u(i) = 14*i**3 - 26*i**2 + 23*i - 3. Let h(z) = -11*k(z) + 4*u(z). Calculate h(3).
-7
Let n(x) = x**3 + 6*x**2 + 3*x - 6. Let f be n(-5). Suppose -f*r - 6 = -2. Let c be (0*r/3)/(-2). Let q(w) = -w**3 - w**2 - 5. What is q(c)?
-5
Let i(c) = -2*c**2 + c + 5. Let m(a) = 5*a**2 - 4*a - 15. Let f(v) = 11*i(v) + 4*m(v). Calculate f(-4).
-17
Let d(i) be the third derivative of -i**5/30 - i**4/24 + i**3/6 - 17*i**2. Give d(-2).
-5
Let u(x) = x**2 + 8*x + 8. Let v(b) be the second derivative of b**5/20 + b**4/3 - b**3/3 + 7*b**2/2 - b. Let q be v(-5). Let i = q + 2. Give u(i).
-4
Let x(b) = b**3 + b + 5. Let h be x(0). Suppose 4*v = -h*s + 26, -v = 2*v - s - 10. Let k(m) = m**2 - 6*m + 5. Calculate k(v).
-3
Let x(h) = 2*h + 2*h + 2*h**3 - h**3 - 5*h**2. Let m be (3/1 - 0)*1. Determine x(m).
-6
Let m(k) = 3*k - 3. Let h(n) = -2*n + 4. Let w(j) = -2*h(j) - 3*m(j). Give w(1).
-4
Suppose -2 = -l + 1. Suppose 3*p - 2*i - 2 = 0, l*p - p = -i + 13. Let d(f) = f**3 - 3*f**2 - 4*f + 3. What is d(p)?
3
Let t(i) = -3*i**2 - 3*i**2 + 2*i**2 + 3*i**2 - 1 + 9*i. Let g be t(9). Let k(l) = -l + l + 4*l**3 + 2*l**2 - 1. What is k(g)?
-3
Let u be 20/(-90) - (-274)/18. Let y be ((-32)/(-20))/((-6)/u). Let d(i) = 1 + i + 3*i - 3*i. Calculate d(y).
-3
Suppose 2*c + 3*f - 19 = -5, -2*c + 18 = 5*f. Suppose c - 2 = 2*o. Let w(p) = p**2 + 2*p - 1. Let l be w(o). Let y(u) = 3*u**2 - u - 2. Give y(l).
8
Let h = 14 + -10. Let a(x) = h + x**2 + 7*x - 9 + 5. Calculate a(-5).
-10
Let k(w) be the first derivative of w**3/6 + 3*w**2 + 4*w - 4. Let u(b) be the first derivative of k(b). Suppose 0 = 4*s - 2*s + 10. Calculate u(s).
1
Let c(d) = d**2 - 4*d - 6. Suppose -8 = -2*h + 6. Suppose 0 = k + 1 - h. Let v(f) = f - 1. Let s be v(k). Calculate c(s).
-1
Let x(q) = -4*q + q**2 + 3 - 1 - 3. Suppose 0 = 6*l - 8*l + 24. Let f be l/8 - 1/(-2). Give x(f).
-5
Let r(g) = g + 1. Let s(p) = -p - 8. Let u be s(-12). Let n(h) = h + 1. Let l(k) = u*n(k) - 3*r(k). Give l(-5).
-4
Let b be 28/6 - (-3)/9. Let r(h) = h**2 - 2*h - 4. What is r(b)?
11
Suppose -i + 1 = -0. Let w be 6*i + 5 + -8. Let u be 0/(((-3)/w)/1). Let k(q) = q + 5. Give k(u).
5
Let w(d) be the second derivative of -d**3/6 + 3*d**2/2 + 4*d. Let o be (-1)/(-4) + 78/8. Let t = o - 14. What is w(t)?
7
Let l be (4 + (-3)/(-3))/1. Suppose 0*w - w + 2*g = 7, g + l = 0. Let c = w - -12. Let x(n) = n**3 + 5*n**2 + n + 2. Determine x(c).
-3
Let x(f) = f**3 - f**2 - 1. Let r be (-15)/6*4/(-5). Let p be x(r). Let l(a) = -a**2 + p*a**2 + 0*a**2. What is l(-1)?
2
Let h(s) be the third derivative of -7*s**6/120 + s**5/12 - 2*s**3/3 - 2*s**2. Let w(m) = -13*m**3 + 11*m**2 - 9. Let p(c) = -7*h(c) + 3*w(c). Calculate p(1).
9
Let c(k) = k**3 + k**2 - 2*k - 3. Suppose 3*a = r - 4, -5*a - 3*r - 7 = 9. Determine c(a).
-3
Suppose 14 = 3*o + 5*w, -2*o - 12 - 12 = -5*w. Let f(s) = -s**2 + 2*s + 2. Calculate f(o).
-6
Let c(j) = -j**2 + 2*j**3 - 7*j**3 + 7*j**3. What is c(-1)?
-3
Let x(z) = z**3 + 4*z**2 - 6*z - 7. Let u be 46/8 + 1/4. Suppose 2*g + 30 = q - 0*g, -3*g - 15 = 0. Suppose 2*f = u*f + q. Give x(f).
-2
Let a(y) be the second derivative of -3*y + 1/3*y**3 + 0 - 3/2*y**2 + 1/12*y**4. Let t(h) = -3*h**2 - h - 1. Let s be t(-1). Calculate a(s).
0
Let q(u) = -u**2 + 2*u - 1. Let l(p) = p**2 - 2*p - 1. Suppose 9 + 0 = 3*x. Let j be l(x). Calculate q(j).
-1
Let t(l) be the second derivative of l**8/6720 - l**7/630 - l**6/144 - 7*l**5/120 - l**4/4 + 2*l. Let p(g) be the third derivative of t(g). Determine p(5).
-7
Let v = 1 - -3. Let x(g) = 5*g - 3. Let z(l) = -6*l + 3. Let n(o) = -3*x(o) - 2*z(o). What is n(v)?
-9
Let u(y) be the third derivative of y**5/30 + y**4/24 - 7*y**2 - 1. Let b(h) = -h**2 - 2*h + 1. Let t be b(1). Calculate u(t).
6
Let m = 9 - 4. Suppose -2 = g + i, -5*g = -i + 2*i - 6. Let d(s) = -1 - s**3 + 2*s**2 - 3*s**2 - 2*s + 6*s**g. Calculate d(m).
-11
Let p(c) = -18*c + 11 + 1 + 31*c - 14*c. Calculate p(0).
12
Let b(n) = -3*n + 15. Let f(q) be the second derivative of 5*q**3/6 - 23*q**2/2 - 7*q. Let g(l) = 8*b(l) + 5*f(l). Give g(-7).
-2
Let v(p) = -3*p**3 - p**2 - 6*p. Let h(l) be the third derivative of l**6/60 + l**5/60 + l**4/8 - 5*l**2. Let w(s) = 5*h(s) + 3*v(s). Determine w(-3).
0
Let i(t) be the second derivative of t**5/120 + t**4/12 + t**3 - 6*t. Let b(d) be the second derivative of i(d). Give b(5).
7
Let h(c) = 5*c + 2. Let r be h(2). Let f(v) = 11*v + 71*v**2 - 5 + 5 + 8 - 72*v**2. Let a be f(r). Let w(g) = g + 4. What is w(a)?
0
Let i(g) = 15*g**2 + g - 3*g + 0*g + g. Determine i(1).
14
Let s(j) be the first derivative of -2*j - 1/3*j**3 - 1/2*j**4 + 4 + 1/2*j**2. Calculate s(-2).
8
Let q(m) = -m**3 + 4*m**2 - 5*m + 4. Let d be q(3). Let a(f) = 7 + 4*f - 3 + 6*f. Let n(o) = 5*o + 2. Let j(i) = d*a(i) + 5*n(i). Give j(-2).
-8
Let y(u) = u**2 + 7*u - 2. Let p(v) = v + 5. Let z be p(-11). Give y(z).
-8
Let r(i) = 3*i. Let q(h) = h**2 + 6*h + 6. Let y = 9 - 13. Let m be q(y). Give r(m).
-6
Let l(f) be the third derivative of -f**4/24 - f**3/2 + 15*f**2. Calculate l(0).
-3
Let l(a) be the first derivative of -a**3/3 + 7*a**2/2 - 4*a - 5. Give l(6).
2
Let d(r) be the second derivative of -r**3/3 + 7*r**2/2 - 24*r. Let l(s) = -s**3 + 4*s**2 - s. Let n be l(3). What is d(n)?
-5
Let t be (35/(-10))/(-7)*-2. Let v(n) = -n**2. Let g(r) = -4 - 2 + 5*r + r + 4*r**2. Let s(k) = t*g(k) - 5*v(k). What is s(6)?
6
Let n(l) = -l**3 + 3*l**2 + 5*l - 3. Let c be n(4). Let k(i) = -1 + c + 3 + i - 1. What is k(-4)?
-2
Let u(b) be the second derivative of b**5/20 + b**4/3 - b**3/3 - 2*b**2 + 15*b. Calculate u(-4).
4
Let y(p) be the third derivative of -p**5/30 - p**4/8 + 2*p**3/3 + 24*p**2. Determine y(-3).
-5
Let y(k) = k - 1. Let x be y(2). Let c be 0/(x - (-2 - -1)). Let z(h) = h - 13 + c*h + 15. Calculate z(-5).
-3
Let h(u) = -4*u**2 + u + 4. Let y(p) = 5*p**2 - p - 5. Let o(a) = -6*h(a) - 5*y(a). Calculate o(-3).
-5
Let z(t) = 8*t**3 - 6*t**2 + 6*t + 7. Let m(a) = 7*a**3 - 5*a**2 + 5*a + 8. Let g(q) = 7*m(q) - 6*z(q). Give g(0).
14
Let z(a) = a**2 - 1. Let p(i) be the second derivative of 35/12*i**4 + 0*i**3 - i - 14*i**2 + 0. Let f(j) = -p(j) + 28*z(j). Determine f(-1).
-7
Suppose z + 4 = -1. Suppose 2*u - 5 = u. Let a(f) = -4*f - 9. Let y(o) = 7*o + 17. Let t(x) = u*a(x) + 3*y(x). Determine t(z).
1
Suppose -1 = 2*g - g. Let s(u) = 3*u**2 - 2*u + 1. Let d be s(1). Let p(v) = -1 - v**d + 0*v**3 - 4*v + 0 + 3*v + v**3. Calculate p(g).
-2
Let z(x) = -8*x**2 - 14*x + 2. Let h(m) = 3*m**2 + 5*m - 1. Let y(p) = 11*h(p) + 4*z(p). Let n(c) = 2*c**2 + 4*c + 3. Let r = 0 + -2. Let l be n(r). Give y(l).
3
Let g(k) = 4*k**3 - 4*k + 3. Let q(v) = 17*v**3 - 17*v + 13. Let n(d) = 9*g(d) - 2*q(d). Calculate n(-2).
-11
Suppose 2*m = -2*m + 16. Suppose s + 0 = 2*k + 2, -4*s + m*k - 4 = 0. Let f = -2 - s. Let i(g) = -2*g + 2. Calculate i(f).
-2
Let k(f) = f**2 + f - 1. Let j = 10 - 10. Let c(l) = -l + 3. Let d be c(3). Let q = d + j. Determine k(q).
-1
Let d(o) = 5*o + 3. Let r(i) = 440*i + 210. Let v(p) = 40*p + 19. Let m(y) = 6*r(y) - 65*v(y). Let g(q) = -25*d(q) + 3*m(q). What is g(2)?
-10
Let y(u) be the third derivative of -u**7/2520 + u**6/720 - u**5/24 - u**4/8 - 3*u**2. Let v(r) be the second derivative of y(r). Calculate v(0).
-5
Let l be (25/(-2))/(-5)*2. Suppose g - w - l = -2*w, -g = -4*w. Let s(v) = v**2 - 2*v + 2. What is s(g)?
10
Let i(j) be the second derivative of 9/20*j